ivisor of 24 and 1200?
24
Calculate the highest common divisor of 1972 and 203.
29
What is the highest common factor of 66 and 2167?
11
What is the highest common divisor of 22 and 66?
22
Calculate the greatest common factor of 280 and 88.
8
Calculate the highest common divisor of 1025 and 41.
41
What is the highest common factor of 21 and 2289?
21
Calculate the highest common divisor of 891 and 22.
11
What is the highest common divisor of 19 and 38?
19
Calculate the highest common factor of 51 and 561.
51
What is the highest common divisor of 14 and 13874?
14
Calculate the greatest common factor of 19 and 456.
19
What is the greatest common factor of 70 and 41930?
70
Calculate the highest common factor of 28 and 686.
14
Calculate the highest common divisor of 189 and 351.
27
Calculate the highest common factor of 16 and 18.
2
What is the highest common divisor of 3283 and 98?
49
What is the greatest common divisor of 85 and 595?
85
Calculate the greatest common factor of 287 and 322.
7
What is the greatest common factor of 11 and 10494?
11
What is the greatest common factor of 1015 and 70?
35
Calculate the highest common factor of 2701 and 37.
37
What is the greatest common divisor of 35 and 85?
5
Calculate the highest common factor of 2 and 436.
2
Calculate the highest common divisor of 32113 and 34.
17
What is the greatest common divisor of 5251 and 59?
59
Calculate the greatest common factor of 4 and 31.
1
Calculate the greatest common divisor of 822 and 36.
6
What is the greatest common factor of 270 and 6180?
30
What is the greatest common factor of 70 and 266?
14
Calculate the greatest common factor of 1981 and 283.
283
Calculate the greatest common factor of 36 and 136.
4
What is the highest common factor of 27 and 279?
9
Calculate the highest common divisor of 63 and 9387.
63
Calculate the greatest common factor of 18992 and 8.
8
What is the highest common factor of 82 and 71217?
41
What is the greatest common factor of 155 and 125?
5
What is the greatest common divisor of 78 and 18382?
26
What is the highest common factor of 177 and 6?
3
Calculate the highest common divisor of 8216 and 790.
158
What is the highest common divisor of 45 and 2718?
9
Calculate the highest common factor of 115 and 207.
23
What is the greatest common factor of 1359 and 36?
9
Calculate the greatest common divisor of 15691 and 221.
221
Calculate the highest common factor of 34 and 2822.
34
Calculate the highest common factor of 424 and 8.
8
What is the greatest common divisor of 434 and 42?
14
What is the greatest common factor of 45 and 288?
9
Calculate the greatest common factor of 300 and 800.
100
What is the greatest common divisor of 527 and 5053?
31
Calculate the greatest common divisor of 295 and 118.
59
What is the highest common factor of 112 and 70?
14
What is the greatest common factor of 292 and 4?
4
What is the greatest common divisor of 777 and 37?
37
Calculate the greatest common divisor of 88 and 2560.
8
What is the highest common factor of 425 and 75?
25
What is the greatest common factor of 100 and 620?
20
Calculate the greatest common factor of 3113 and 22.
11
What is the highest common divisor of 87 and 261?
87
What is the greatest common factor of 308 and 132?
44
What is the greatest common factor of 146 and 1825?
73
Calculate the highest common divisor of 4 and 556.
4
What is the greatest common factor of 34 and 425?
17
Calculate the greatest common divisor of 2781 and 216.
27
Calculate the greatest common divisor of 248 and 2356.
124
What is the highest common factor of 29524 and 244?
244
What is the greatest common divisor of 16 and 2344?
8
Calculate the greatest common factor of 7525 and 50.
25
Calculate the highest common factor of 72 and 312.
24
Calculate the highest common divisor of 486 and 252.
18
Calculate the highest common factor of 448 and 7.
7
Calculate the greatest common factor of 8 and 267.
1
Calculate the highest common factor of 87 and 377.
29
What is the highest common factor of 2 and 61?
1
Calculate the greatest common factor of 6 and 66.
6
Calculate the highest common factor of 60 and 1770.
30
What is the highest common divisor of 2796 and 12?
12
What is the greatest common divisor of 17447 and 73?
73
What is the highest common factor of 75 and 12?
3
What is the greatest common factor of 153 and 51?
51
Calculate the highest common factor of 88 and 132.
44
Calculate the greatest common factor of 14 and 30016.
14
What is the highest common divisor of 5 and 5?
5
What is the highest common factor of 16 and 304?
16
Calculate the greatest common divisor of 1044 and 290.
58
Calculate the greatest common divisor of 17934 and 14.
14
Calculate the greatest common factor of 110 and 176.
22
Calculate the greatest common divisor of 1313 and 101.
101
What is the highest common divisor of 472 and 8?
8
What is the greatest common divisor of 66 and 42?
6
Calculate the highest common factor of 13 and 4771.
13
What is the greatest common factor of 99 and 2343?
33
Calculate the greatest common factor of 868 and 3224.
124
What is the greatest common divisor of 196 and 2842?
98
Calculate the highest common divisor of 488 and 8.
8
What is the greatest common factor of 126 and 6328?
14
Calculate the greatest common divisor of 729 and 27.
27
What is the greatest common divisor of 520 and 26?
26
What is the greatest common divisor of 2831 and 57?
19
Calculate the highest common divisor of 816 and 56.
8
What is the highest common divisor of 166 and 83?
83
What is the greatest common factor of 632 and 2133?
79
What is the greatest common factor of 1672 and 88?
88
What is the greatest common divisor of 689 and 91?
13
Calculate the highest common divisor of 31 and 248.
31
What is the greatest common divisor of 1080 and 48?
24
Calculate the greatest common divisor of 4298 and 28.
14
What is the highest common divisor of 98 and 42?
14
What is the highest common factor of 8556 and 108?
12
Calculate the greatest common divisor of 136 and 1615.
17
What is the greatest common divisor of 25 and 7325?
25
What is the greatest common factor of 10 and 385?
5
What is the highest common factor of 70 and 63?
7
Calculate the greatest common factor of 1488 and 24.
24
What is the greatest common factor of 1984 and 124?
124
What is the greatest common factor of 630 and 154?
14
Calculate the highest common divisor of 194 and 4462.
194
Calculate the highest common factor of 666 and 9.
9
What is the highest common factor of 1197 and 63?
63
Calculate the greatest common divisor of 654 and 18.
6
What is the greatest common divisor of 27 and 24?
3
Calculate the greatest common divisor of 738 and 24.
6
What is the greatest common factor of 73 and 584?
73
What is the greatest common factor of 27 and 1503?
9
What is the greatest common factor of 10 and 705?
5
What is the greatest common divisor of 154 and 70?
14
What is the highest common divisor of 14 and 16?
2
What is the highest common factor of 129 and 3569?
43
What is the highest common divisor of 7852 and 104?
52
What is the highest common divisor of 138 and 1610?
46
What is the highest common factor of 228 and 76?
76
What is the greatest common factor of 165 and 5?
5
Calculate the highest common divisor of 24 and 17844.
12
What is the highest common factor of 30 and 4065?
15
Calculate the highest common divisor of 466 and 2.
2
What is the greatest common divisor of 1665 and 5365?
185
What is the highest common divisor of 27244 and 28?
28
Calculate the greatest common divisor of 5020 and 30.
10
What is the greatest common factor of 54 and 6669?
27
What is the greatest common divisor of 31 and 279?
31
Calculate the highest common factor of 565 and 1243.
113
Calculate the highest common factor of 216 and 120.
24
What is the highest common factor of 196 and 364?
28
Calculate the highest common factor of 225 and 10980.
45
Calculate the highest common divisor of 2885 and 50.
5
What is the greatest common factor of 325 and 50?
25
Calculate the highest common factor of 21 and 5061.
21
What is the greatest common divisor of 2368 and 96?
32
What is the greatest common divisor of 40 and 390?
10
Calculate the greatest common divisor of 165 and 1881.
33
What is the highest common divisor of 1165 and 65?
5
Calculate the hig